mber?
True
Is 23703 composite?
True
Is 310319 prime?
False
Is 10783 prime?
False
Is 37495 a composite number?
True
Is 1114 a prime number?
False
Is 39661 prime?
False
Is 91671 a composite number?
True
Is 22433 prime?
True
Is 11947 a prime number?
False
Is 34899 composite?
True
Is 751367 a prime number?
True
Is 24117 prime?
False
Is 2879465 a composite number?
True
Is 407483 composite?
False
Is 21719 a composite number?
True
Is 226659 prime?
False
Is 204101 prime?
True
Is 343127 composite?
False
Is 4547 a composite number?
False
Is 41299 composite?
False
Is 105467 a composite number?
False
Is 203057 a composite number?
False
Is 13549 a composite number?
True
Is 6181 a prime number?
False
Is 1772821 prime?
False
Is 2413 a prime number?
False
Is 1759 composite?
False
Is 29101 a composite number?
False
Is 91771 a composite number?
False
Is 105607 prime?
True
Is 52147 prime?
True
Is 4315 prime?
False
Is 2828353 a composite number?
True
Is 1970957 composite?
False
Is 51055 prime?
False
Is 32117 composite?
False
Is 3251 prime?
True
Is 4377067 a prime number?
True
Is 5699 prime?
False
Is 1219 prime?
False
Is 889 a prime number?
False
Is 3398 composite?
True
Is 580969 composite?
False
Is 13367 prime?
True
Is 17033 a prime number?
True
Is 36433 a composite number?
False
Is 24197 prime?
True
Is 27829 a prime number?
False
Is 7873 a composite number?
False
Is 1819 a prime number?
False
Is 1181 composite?
False
Is 181141 composite?
False
Is 2059 a composite number?
True
Is 325723 prime?
True
Is 2186467 a prime number?
True
Is 37097 a composite number?
False
Is 21269 a composite number?
False
Is 285221 a composite number?
False
Is 183761 a prime number?
True
Is 30499 a composite number?
True
Is 304127 prime?
True
Is 14809 a prime number?
False
Is 12827 composite?
True
Is 55859 composite?
True
Is 337702 composite?
True
Is 14629 a prime number?
True
Is 1410445 a prime number?
False
Is 235811 composite?
False
Is 9923 a prime number?
True
Is 142855 composite?
True
Is 33823 a prime number?
False
Is 6065 a prime number?
False
Is 901 a composite number?
True
Is 71215 composite?
True
Is 18337 a composite number?
True
Is 220391 prime?
True
Is 11027 a composite number?
False
Is 42083 a prime number?
True
Is 2497 a composite number?
True
Is 1811165 a composite number?
True
Is 1069 prime?
True
Is 5459 composite?
True
Is 55291 a prime number?
True
Is 181801 a composite number?
True
Is 18053 a prime number?
False
Is 10211 prime?
True
Is 481 a composite number?
True
Is 135895 composite?
True
Is 159787 a prime number?
True
Is 111301 a prime number?
True
Is 3691 composite?
False
Is 9005 composite?
True
Is 32459 prime?
False
Is 6637 a composite number?
False
Is 718897 a prime number?
True
Is 270719 composite?
False
Is 41963 composite?
True
Is 5471 a prime number?
True
Is 99761 a prime number?
True
Is 7609 a prime number?
False
Is 1543 prime?
True
Is 339341 a prime number?
True
Is 19069 a composite number?
False
Is 107563 a prime number?
True
Is 126563 composite?
True
Is 14401 composite?
False
Is 2721 prime?
False
Is 53401 prime?
True
Is 26627 a composite number?
False
Is 825865 composite?
True
Is 51521 prime?
True
Is 45007 prime?
True
Is 30739 a composite number?
True
Is 342493 prime?
False
Is 71387 composite?
False
Is 353489 a prime number?
True
Is 78877 a prime number?
True
Is 28115 a composite number?
True
Is 43501 prime?
False
Is 190753 composite?
False
Is 3499 composite?
False
Is 2309 composite?
False
Is 10727351 composite?
False
Is 150461 composite?
True
Is 537 a composite number?
True
Is 253167 a prime number?
False
Is 3779 composite?
False
Is 230431 composite?
False
Is 84731 composite?
False
Is 2129 a prime number?
True
Is 6737 a composite number?
False
Is 2669 prime?
False
Is 151597 a prime number?
True
Is 306573 a composite number?
True
Is 5227 composite?
False
Is 2039 a composite number?
False
Is 13229 composite?
False
Is 37321 composite?
False
Is 5361 prime?
False
Is 2465789 a composite number?
False
Is 3641 composite?
True
Is 986129 composite?
True
Is 8158 a prime number?
False
Is 6067 composite?
False
Is 501 prime?
False
Is 2722 prime?
False
Is 388789 a composite number?
False
Is 1716077 a prime number?
False
Is 10299 a prime number?
False
Is 387397 prime?
True
Is 7621 prime?
True
Is 4031 a prime number?
False
Is 10765 prime?
False
Is 14953 composite?
True
Is 557201 prime?
True
Is 1805633 prime?
True
Is 13669 a composite number?
False
Is 323677 a composite number?
True
Is 7283 composite?
False
Is 8353 a composite number?
False
Is 21479 composite?
True
Is 101449 prime?
True
Is 1791629 a composite number?
True
Is 170594 a composite number?
True
Is 11549 composite?
False
Is 23369 a prime number?
True
Is 192217 a prime number?
False
Is 14233 composite?
True
Is 11383 a prime number?
True
Is 19751 a composite number?
False
Is 61211 a composite number?
False
Is 4703 a composite number?
False
Is 958 a prime number?
False
Is 20269 composite?
False
Is 647551 composite?
False
Is 5981 prime?
True
Is 29789 a prime number?
True
Is 15557 a prime number?
False
Is 194657 prime?
False
Is 9259 composite?
True
Is 19291 a composite number?
True
Is 77083 a prime number?
False
Is 139063 a prime number?
False
Is 7307 composite?
False
Is 564353 composite?
False
Is 206177 prime?
True
Is 288493 composite?
False
Is 632769 prime?
False
Is 284503 a prime number?
False
Is 10267 a prime number?
True
Is 83059 a prime number?
True
Is 2545 a prime number?
False
Is 27791 a composite number?
False
Is 284129 prime?
True
Is 127 a composite number?
False
Is 64103 prime?
False
Is 41333 a prime number?
True
Is 16723 composite?
True
Is 212782 prime?
False
Is 6353 prime?
True
Is 154909 a prime number?
False
Is 347641 a composite number?
True
Is 2154901 a prime number?
False
Is 142159 prime?
True
Is 31919 a composite number?
True
Is 1860799 composite?
False
Is 2432251 a prime number?
True
Is 14387 composite?
False
Is 11819 a prime number?
False
Is 38539 a prime number?
False
Is 73673 a prime number?
True
Is 113717 composite?
False
Is 185429 composite?
False
Is 269 composite?
False
Is 1274921 prime?
True
Is 771821 composite?
True
Is 119027 prime?
True
Is 35065 prime?
False
Is 21259 a prime number?
False
Is 497 a composite number?
True
Is 28774 composite?
True
Is 14401 prime?
True
Is 264029 a prime number?
True
Is 290861 a composite number?
False
Is 65579 composite?
False
Is 79498 a composite number?
True
Is 1802039 a composite number?
False
Is 35069 a prime number?
True
Is 137073 composite?
True
Is 9491 a composite number?
False
Is 2099 a prime number?
True
Is 160117 composite?
False
Is 3867 prime?
False
Is 7411 a composite number?
False
Is 8188223 composite?
False
Is 3893 a composite number?
True
Is 1639193 prime?
True
Is 5110591 a prime number?
False
Is 6449 a prime number?
True
Is 91799 composite?
True
Is 358351 prime?
False
Is 394331 composite?
True
Is 371095 composite?
True
Is 18187 a composite number?
True
Is 1744603 prime?
False
Is 5363 a composite number?
True
Is 614591 a composite number?
True
Is 662163 prime?
False
Is 168563 a prime number?
False
Is 242723 composite?
True
Is 196723 composite?
True
Is 6761 a composite number?
False
Is 1145621 composite?
False
Is 418969 a prime number?
False
Is 11374741 prime?
False
Is 3037 composite?
False
Is 95453 a composite number?
True
Is 3946 composite?
True
Is 80407 a composite number?
False
Is 17417 a prime number?
True
Is 991 a composite number?
False
Is 54949 a composite number?
False
Is 97 a composite number?
False
Is 1810547 prime?
False
Is 5557 a composite number?
False
Is 1778833 prime?
False
Is 121153 prime?
False
Is 108305 a composite number?
True
Is 433337 a prime number?
True
Is 44111 a prime number?
True
Is 3377 composite?
True
Is 3471523 a composite number?
True
Is 7921909 composite?
False
Is 106061 a prime number?
False
Is 76298 prime?
False
Is 132917 composite?
True
Is 105082 prime?
False
Is 12477 a prime number?
False
Is 94181 prime?
False
Is 29009 composite?
False
Is 12773 a composite number?
True
Is 458207 composite?
False
Is 4714 a composite number?
True
Is 62993 a prime number?
False
Is 143293 composite?
True
Is 1467043 prime?
True
Is 514877 a composite number?
True
Is 128071 composite?
True
Is 4727 composite?
True
Is 62921 a composi